{"id":43,"date":"2026-03-06T15:42:56","date_gmt":"2026-03-06T15:42:56","guid":{"rendered":"https:\/\/gifted-blackwell.82-165-173-19.plesk.page\/?page_id=43"},"modified":"2026-04-15T10:42:51","modified_gmt":"2026-04-15T10:42:51","slug":"sobre-nosotros","status":"publish","type":"page","link":"https:\/\/gifted-blackwell.82-165-173-19.plesk.page\/index.php\/sobre-nosotros\/","title":{"rendered":"Sobre Nosotros"},"content":{"rendered":"\t\t<div data-elementor-type=\"wp-page\" data-elementor-id=\"43\" class=\"elementor elementor-43\">\n\t\t\t\t<div class=\"elementor-element elementor-element-acab20b e-con-full e-flex e-con e-parent\" data-id=\"acab20b\" data-element_type=\"container\" data-e-type=\"container\">\n\t\t\t\t<div class=\"elementor-element elementor-element-4645d87 elementor-widget elementor-widget-heading\" data-id=\"4645d87\" data-element_type=\"widget\" data-e-type=\"widget\" data-widget_type=\"heading.default\">\n\t\t\t\t\t<h2 class=\"elementor-heading-title elementor-size-default\">Nuestra Historia<\/h2>\t\t\t\t<\/div>\n\t\t\t\t<div class=\"elementor-element elementor-element-7473961 elementor-widget elementor-widget-heading\" data-id=\"7473961\" data-element_type=\"widget\" data-e-type=\"widget\" data-widget_type=\"heading.default\">\n\t\t\t\t\t<h4 class=\"elementor-heading-title elementor-size-default\">1993-2026<\/h4>\t\t\t\t<\/div>\n\t\t\t\t<div class=\"elementor-element elementor-element-53db6bf elementor-widget__width-initial elementor-widget elementor-widget-heading\" data-id=\"53db6bf\" data-element_type=\"widget\" data-e-type=\"widget\" data-widget_type=\"heading.default\">\n\t\t\t\t\t<h4 class=\"elementor-heading-title elementor-size-default\">Realizamos todo tipo de reformas incluyendo alicatados, falsos techos, pladur, pintura, pintura decorativa, pladur, suelos, electricidad, carpinter\u00eda, fontaner\u00eda, m\u00e1rmoles, cerrajer\u00eda, instalaciones de aire acondicionado, calefacci\u00f3n y m\u00e1s, d\u00e1ndole vida a las obras que se ejecutan. Desde peque\u00f1as actualizaciones hasta construcciones completas, ofrecemos soluciones personalizadas que se adaptan a tus necesidades de forma integral o parcial, con un enfoque orientado a la calidad y satisfacci\u00f3n, proporcionando resultados excepcionales en cada obra y reforma asegurando altos est\u00e1ndares de atenci\u00f3n al detalle y excelencia.<\/h4>\t\t\t\t<\/div>\n\t\t\t\t<\/div>\n\t\t<div class=\"elementor-element elementor-element-a92309b e-flex e-con-boxed e-con e-parent\" data-id=\"a92309b\" data-element_type=\"container\" data-e-type=\"container\">\n\t\t\t\t\t<div class=\"e-con-inner\">\n\t\t\t\t<div class=\"elementor-element elementor-element-961656c elementor-widget elementor-widget-heading\" data-id=\"961656c\" data-element_type=\"widget\" data-e-type=\"widget\" data-widget_type=\"heading.default\">\n\t\t\t\t\t<h2 class=\"elementor-heading-title elementor-size-default\">El mejor servicio<\/h2>\t\t\t\t<\/div>\n\t\t\t\t\t<\/div>\n\t\t\t\t<\/div>\n\t\t<div class=\"elementor-element elementor-element-3a604e0 e-grid e-con-boxed e-con e-parent\" data-id=\"3a604e0\" data-element_type=\"container\" data-e-type=\"container\">\n\t\t\t\t\t<div class=\"e-con-inner\">\n\t\t\t\t<div class=\"elementor-element elementor-element-26e3a30 elementor-widget elementor-widget-image\" data-id=\"26e3a30\" data-element_type=\"widget\" data-e-type=\"widget\" data-settings=\"{&quot;_animation&quot;:&quot;none&quot;}\" data-widget_type=\"image.default\">\n\t\t\t\t\t\t\t\t\t\t\t\t\t\t\t<img fetchpriority=\"high\" decoding=\"async\" width=\"600\" height=\"400\" src=\"https:\/\/gifted-blackwell.82-165-173-19.plesk.page\/wp-content\/uploads\/2026\/03\/nuestra-historia-3.jpg\" class=\"attachment-large size-large wp-image-67\" alt=\"\" srcset=\"https:\/\/gifted-blackwell.82-165-173-19.plesk.page\/wp-content\/uploads\/2026\/03\/nuestra-historia-3.jpg 600w, https:\/\/gifted-blackwell.82-165-173-19.plesk.page\/wp-content\/uploads\/2026\/03\/nuestra-historia-3-300x200.jpg 300w\" sizes=\"100vw\" \/>\t\t\t\t\t\t\t\t\t\t\t\t\t\t\t<\/div>\n\t\t\t\t<div class=\"elementor-element elementor-element-c675124 elementor-widget elementor-widget-image\" data-id=\"c675124\" data-element_type=\"widget\" data-e-type=\"widget\" data-settings=\"{&quot;_animation&quot;:&quot;none&quot;}\" data-widget_type=\"image.default\">\n\t\t\t\t\t\t\t\t\t\t\t\t\t\t\t<img decoding=\"async\" width=\"785\" height=\"528\" src=\"https:\/\/gifted-blackwell.82-165-173-19.plesk.page\/wp-content\/uploads\/2026\/03\/IMAGEN-2-PORTADA.png\" class=\"attachment-large size-large wp-image-229\" alt=\"\" srcset=\"https:\/\/gifted-blackwell.82-165-173-19.plesk.page\/wp-content\/uploads\/2026\/03\/IMAGEN-2-PORTADA.png 785w, https:\/\/gifted-blackwell.82-165-173-19.plesk.page\/wp-content\/uploads\/2026\/03\/IMAGEN-2-PORTADA-300x202.png 300w\" sizes=\"100vw\" \/>\t\t\t\t\t\t\t\t\t\t\t\t\t\t\t<\/div>\n\t\t\t\t<div class=\"elementor-element elementor-element-f91ced0 elementor-widget elementor-widget-image\" data-id=\"f91ced0\" data-element_type=\"widget\" data-e-type=\"widget\" data-settings=\"{&quot;_animation&quot;:&quot;none&quot;}\" data-widget_type=\"image.default\">\n\t\t\t\t\t\t\t\t\t\t\t\t\t\t\t<img decoding=\"async\" width=\"740\" height=\"554\" src=\"https:\/\/gifted-blackwell.82-165-173-19.plesk.page\/wp-content\/uploads\/2026\/03\/nuestra-historia-4.jpg\" class=\"attachment-large size-large wp-image-68\" alt=\"\" srcset=\"https:\/\/gifted-blackwell.82-165-173-19.plesk.page\/wp-content\/uploads\/2026\/03\/nuestra-historia-4.jpg 740w, https:\/\/gifted-blackwell.82-165-173-19.plesk.page\/wp-content\/uploads\/2026\/03\/nuestra-historia-4-300x225.jpg 300w\" sizes=\"100vw\" \/>\t\t\t\t\t\t\t\t\t\t\t\t\t\t\t<\/div>\n\t\t\t\t\t<\/div>\n\t\t\t\t<\/div>\n\t\t<div class=\"elementor-element elementor-element-a3b74b9 e-flex e-con-boxed e-con e-parent\" data-id=\"a3b74b9\" data-element_type=\"container\" data-e-type=\"container\">\n\t\t\t\t\t<div class=\"e-con-inner\">\n\t\t\t\t<div class=\"elementor-element elementor-element-def8260 elementor-widget elementor-widget-text-editor\" data-id=\"def8260\" data-element_type=\"widget\" data-e-type=\"widget\" data-widget_type=\"text-editor.default\">\n\t\t\t\t\t\t\t\t\t<h4 class=\"elementor-icon-box-description\">A trav\u00e9s de los a\u00f1os hemos adquirido conocimientos y actualizaciones en el sector de la construcci\u00f3n, avanzamos con el mundo manteni\u00e9ndonos a la vanguardia de todas las novedades para plasmarlas en cada obra a ejecutar.<\/h4>\t\t\t\t\t\t\t\t<\/div>\n\t\t\t\t\t<\/div>\n\t\t\t\t<\/div>\n\t\t<div class=\"elementor-element elementor-element-44f4cef e-flex e-con-boxed e-con e-parent\" data-id=\"44f4cef\" data-element_type=\"container\" data-e-type=\"container\">\n\t\t\t\t\t<div class=\"e-con-inner\">\n\t\t\t\t<div class=\"elementor-element elementor-element-208e4fb elementor-widget elementor-widget-heading\" data-id=\"208e4fb\" data-element_type=\"widget\" data-e-type=\"widget\" data-widget_type=\"heading.default\">\n\t\t\t\t\t<h2 class=\"elementor-heading-title elementor-size-default\"><h2 class=\"elementor-heading-title elementor-size-default\">Razones para elegirnos\n<\/h2><\/h2>\t\t\t\t<\/div>\n\t\t\t\t\t<\/div>\n\t\t\t\t<\/div>\n\t\t<div class=\"elementor-element elementor-element-bdacee3 e-grid e-con-boxed e-con e-parent\" data-id=\"bdacee3\" data-element_type=\"container\" data-e-type=\"container\">\n\t\t\t\t\t<div class=\"e-con-inner\">\n\t\t\t\t<div class=\"elementor-element elementor-element-6d7748f elementor-widget elementor-widget-image\" data-id=\"6d7748f\" data-element_type=\"widget\" data-e-type=\"widget\" data-widget_type=\"image.default\">\n\t\t\t\t\t\t\t\t\t\t\t\t\t\t\t<img loading=\"lazy\" decoding=\"async\" width=\"300\" height=\"127\" src=\"https:\/\/gifted-blackwell.82-165-173-19.plesk.page\/wp-content\/uploads\/2026\/04\/EMPPRESA-ACREDITADA-1-300x127.jpg\" class=\"attachment-medium size-medium wp-image-327\" alt=\"\" srcset=\"https:\/\/gifted-blackwell.82-165-173-19.plesk.page\/wp-content\/uploads\/2026\/04\/EMPPRESA-ACREDITADA-1-300x127.jpg 300w, https:\/\/gifted-blackwell.82-165-173-19.plesk.page\/wp-content\/uploads\/2026\/04\/EMPPRESA-ACREDITADA-1.jpg 378w\" sizes=\"100vw\" \/>\t\t\t\t\t\t\t\t\t\t\t\t\t\t\t<\/div>\n\t\t\t\t<div class=\"elementor-element elementor-element-e366466 elementor-widget elementor-widget-image\" data-id=\"e366466\" data-element_type=\"widget\" data-e-type=\"widget\" data-widget_type=\"image.default\">\n\t\t\t\t\t\t\t\t\t\t\t\t\t\t\t<img loading=\"lazy\" decoding=\"async\" width=\"300\" height=\"129\" src=\"https:\/\/gifted-blackwell.82-165-173-19.plesk.page\/wp-content\/uploads\/2026\/04\/MATERIALES-DE-CALIDAD-1-300x129.jpg\" class=\"attachment-medium size-medium wp-image-328\" alt=\"\" srcset=\"https:\/\/gifted-blackwell.82-165-173-19.plesk.page\/wp-content\/uploads\/2026\/04\/MATERIALES-DE-CALIDAD-1-300x129.jpg 300w, https:\/\/gifted-blackwell.82-165-173-19.plesk.page\/wp-content\/uploads\/2026\/04\/MATERIALES-DE-CALIDAD-1.jpg 375w\" sizes=\"100vw\" \/>\t\t\t\t\t\t\t\t\t\t\t\t\t\t\t<\/div>\n\t\t\t\t<div class=\"elementor-element elementor-element-8f5335b elementor-widget elementor-widget-image\" data-id=\"8f5335b\" data-element_type=\"widget\" data-e-type=\"widget\" data-widget_type=\"image.default\">\n\t\t\t\t\t\t\t\t\t\t\t\t\t\t\t<img loading=\"lazy\" decoding=\"async\" width=\"300\" height=\"128\" src=\"https:\/\/gifted-blackwell.82-165-173-19.plesk.page\/wp-content\/uploads\/2026\/04\/GARANTIA-100-1-300x128.jpg\" class=\"attachment-medium size-medium wp-image-329\" alt=\"\" srcset=\"https:\/\/gifted-blackwell.82-165-173-19.plesk.page\/wp-content\/uploads\/2026\/04\/GARANTIA-100-1-300x128.jpg 300w, https:\/\/gifted-blackwell.82-165-173-19.plesk.page\/wp-content\/uploads\/2026\/04\/GARANTIA-100-1.jpg 376w\" sizes=\"100vw\" \/>\t\t\t\t\t\t\t\t\t\t\t\t\t\t\t<\/div>\n\t\t\t\t\t<\/div>\n\t\t\t\t<\/div>\n\t\t<div class=\"elementor-element elementor-element-244cbaf e-flex e-con-boxed e-con e-parent\" data-id=\"244cbaf\" data-element_type=\"container\" data-e-type=\"container\">\n\t\t\t\t\t<div class=\"e-con-inner\">\n\t\t\t\t<div class=\"elementor-element elementor-element-421b566 elementor-widget elementor-widget-heading\" data-id=\"421b566\" data-element_type=\"widget\" data-e-type=\"widget\" data-widget_type=\"heading.default\">\n\t\t\t\t\t<h6 class=\"elementor-heading-title elementor-size-default\">Antes de comenzar una obra protegemos las partes del lugar por los que vamos a transitar, entregando la obra completamente lista y aseada.<\/h6>\t\t\t\t<\/div>\n\t\t\t\t\t<\/div>\n\t\t\t\t<\/div>\n\t\t\t\t<\/div>\n\t\t","protected":false},"excerpt":{"rendered":"<p>Nuestra Historia 1993-2026 Realizamos todo tipo de reformas incluyendo alicatados, falsos techos, pladur, pintura, pintura decorativa, pladur, suelos, electricidad, carpinter\u00eda, fontaner\u00eda, m\u00e1rmoles, cerrajer\u00eda, instalaciones de aire acondicionado, calefacci\u00f3n y m\u00e1s, d\u00e1ndole vida a las obras que se ejecutan. Desde peque\u00f1as actualizaciones hasta construcciones completas, ofrecemos soluciones personalizadas que se adaptan a tus necesidades de forma &hellip; <\/p>\n<p class=\"link-more\"><a href=\"https:\/\/gifted-blackwell.82-165-173-19.plesk.page\/index.php\/sobre-nosotros\/\" class=\"more-link\">Leer m\u00e1s<span class=\"screen-reader-text\"> \u00abSobre Nosotros\u00bb<\/span><\/a><\/p>\n","protected":false},"author":2,"featured_media":0,"parent":0,"menu_order":0,"comment_status":"closed","ping_status":"closed","template":"","meta":{"inspiro_hide_title":false,"footnotes":""},"class_list":["post-43","page","type-page","status-publish","hentry"],"_links":{"self":[{"href":"https:\/\/gifted-blackwell.82-165-173-19.plesk.page\/index.php\/wp-json\/wp\/v2\/pages\/43","targetHints":{"allow":["GET"]}}],"collection":[{"href":"https:\/\/gifted-blackwell.82-165-173-19.plesk.page\/index.php\/wp-json\/wp\/v2\/pages"}],"about":[{"href":"https:\/\/gifted-blackwell.82-165-173-19.plesk.page\/index.php\/wp-json\/wp\/v2\/types\/page"}],"author":[{"embeddable":true,"href":"https:\/\/gifted-blackwell.82-165-173-19.plesk.page\/index.php\/wp-json\/wp\/v2\/users\/2"}],"replies":[{"embeddable":true,"href":"https:\/\/gifted-blackwell.82-165-173-19.plesk.page\/index.php\/wp-json\/wp\/v2\/comments?post=43"}],"version-history":[{"count":22,"href":"https:\/\/gifted-blackwell.82-165-173-19.plesk.page\/index.php\/wp-json\/wp\/v2\/pages\/43\/revisions"}],"predecessor-version":[{"id":335,"href":"https:\/\/gifted-blackwell.82-165-173-19.plesk.page\/index.php\/wp-json\/wp\/v2\/pages\/43\/revisions\/335"}],"wp:attachment":[{"href":"https:\/\/gifted-blackwell.82-165-173-19.plesk.page\/index.php\/wp-json\/wp\/v2\/media?parent=43"}],"curies":[{"name":"wp","href":"https:\/\/api.w.org\/{rel}","templated":true}]}}