{"id":2,"date":"2026-03-05T19:50:59","date_gmt":"2026-03-05T19:50:59","guid":{"rendered":"https:\/\/gifted-blackwell.82-165-173-19.plesk.page\/?page_id=2"},"modified":"2026-04-15T11:09:40","modified_gmt":"2026-04-15T11:09:40","slug":"sample-page","status":"publish","type":"page","link":"https:\/\/gifted-blackwell.82-165-173-19.plesk.page\/","title":{"rendered":"Inicio"},"content":{"rendered":"\t\t<div data-elementor-type=\"wp-page\" data-elementor-id=\"2\" class=\"elementor elementor-2\">\n\t\t\t\t<div class=\"elementor-element elementor-element-24369f0b e-grid e-con-full e-con e-parent\" data-id=\"24369f0b\" data-element_type=\"container\" data-e-type=\"container\">\n\t\t\t\t<div class=\"elementor-element elementor-element-214bcc4c elementor-widget__width-initial elementor-widget elementor-widget-text-editor\" data-id=\"214bcc4c\" data-element_type=\"widget\" data-e-type=\"widget\" data-widget_type=\"text-editor.default\">\n\t\t\t\t\t\t\t\t\t\n<p class=\"has-text-align-center\"><strong>Profesionales de la Construcci\u00f3n y las Reformas<\/strong><\/p>\n\n<p class=\"has-text-align-center\">Realizamos todo tipo de construcciones y reformas integrales, incorporando en cada obra el acompa\u00f1amiento y la asesor\u00eda personalizada, brindando as\u00ed la seguridad y profesionalismo que desea.<\/p>\n\n<figure class=\"wp-block-gallery has-nested-images columns-default is-cropped wp-block-gallery-2 is-layout-flex wp-block-gallery-is-layout-flex\">\n<figure class=\"wp-block-image size-full is-resized\"><\/figure>\n<figure class=\"wp-block-image size-large is-resized\"><\/figure>\n<\/figure>\n<p>\u00a0<\/p>\t\t\t\t\t\t\t\t<\/div>\n\t\t<div class=\"elementor-element elementor-element-a94d401 e-flex e-con-boxed e-con e-child\" data-id=\"a94d401\" data-element_type=\"container\" data-e-type=\"container\">\n\t\t\t\t\t<div class=\"e-con-inner\">\n\t\t\t\t<div class=\"elementor-element elementor-element-59b3c2b elementor-widget elementor-widget-image\" data-id=\"59b3c2b\" data-element_type=\"widget\" data-e-type=\"widget\" data-widget_type=\"image.default\">\n\t\t\t\t\t\t\t\t\t\t\t\t\t\t\t<img decoding=\"async\" width=\"150\" height=\"150\" src=\"https:\/\/gifted-blackwell.82-165-173-19.plesk.page\/wp-content\/uploads\/2026\/03\/pngwing.com1_-150x150.png\" class=\"attachment-thumbnail size-thumbnail wp-image-211\" alt=\"\" srcset=\"https:\/\/gifted-blackwell.82-165-173-19.plesk.page\/wp-content\/uploads\/2026\/03\/pngwing.com1_-150x150.png 150w, https:\/\/gifted-blackwell.82-165-173-19.plesk.page\/wp-content\/uploads\/2026\/03\/pngwing.com1_-300x300.png 300w, https:\/\/gifted-blackwell.82-165-173-19.plesk.page\/wp-content\/uploads\/2026\/03\/elementor\/thumbs\/pngwing.com1_-150x150.png 90w, https:\/\/gifted-blackwell.82-165-173-19.plesk.page\/wp-content\/uploads\/2026\/03\/elementor\/thumbs\/pngwing.com1_-150x150.png 80w, https:\/\/gifted-blackwell.82-165-173-19.plesk.page\/wp-content\/uploads\/2026\/03\/elementor\/thumbs\/pngwing.com1_-150x150.png 100w, https:\/\/gifted-blackwell.82-165-173-19.plesk.page\/wp-content\/uploads\/2026\/03\/pngwing.com1_.png 523w\" sizes=\"100vw\" \/>\t\t\t\t\t\t\t\t\t\t\t\t\t\t\t<\/div>\n\t\t<div class=\"elementor-element elementor-element-6e68909 e-grid e-con-full e-con e-child\" data-id=\"6e68909\" data-element_type=\"container\" data-e-type=\"container\">\n\t\t\t\t<div class=\"elementor-element elementor-element-5b90160 elementor-widget elementor-widget-heading\" data-id=\"5b90160\" data-element_type=\"widget\" data-e-type=\"widget\" data-widget_type=\"heading.default\">\n\t\t\t\t\t<h3 class=\"elementor-heading-title elementor-size-default\">Empresa Certificada<\/h3>\t\t\t\t<\/div>\n\t\t\t\t<\/div>\n\t\t\t\t\t<\/div>\n\t\t\t\t<\/div>\n\t\t\t\t<\/div>\n\t\t<div class=\"elementor-element elementor-element-7153a4d e-grid e-con-boxed e-con e-parent\" data-id=\"7153a4d\" data-element_type=\"container\" data-e-type=\"container\">\n\t\t\t\t\t<div class=\"e-con-inner\">\n\t\t\t\t<div class=\"elementor-element elementor-element-48c3949 elementor-widget elementor-widget-image\" data-id=\"48c3949\" data-element_type=\"widget\" data-e-type=\"widget\" data-widget_type=\"image.default\">\n\t\t\t\t\t\t\t\t\t\t\t\t\t\t\t<img fetchpriority=\"high\" decoding=\"async\" width=\"426\" height=\"426\" src=\"https:\/\/gifted-blackwell.82-165-173-19.plesk.page\/wp-content\/uploads\/2026\/03\/nuestra-historia-2-1.jpg\" class=\"attachment-large size-large wp-image-148\" alt=\"\" srcset=\"https:\/\/gifted-blackwell.82-165-173-19.plesk.page\/wp-content\/uploads\/2026\/03\/nuestra-historia-2-1.jpg 426w, https:\/\/gifted-blackwell.82-165-173-19.plesk.page\/wp-content\/uploads\/2026\/03\/nuestra-historia-2-1-300x300.jpg 300w, https:\/\/gifted-blackwell.82-165-173-19.plesk.page\/wp-content\/uploads\/2026\/03\/nuestra-historia-2-1-150x150.jpg 150w\" sizes=\"100vw\" \/>\t\t\t\t\t\t\t\t\t\t\t\t\t\t\t<\/div>\n\t\t\t\t<div class=\"elementor-element elementor-element-1a366ac elementor-widget elementor-widget-image\" data-id=\"1a366ac\" data-element_type=\"widget\" data-e-type=\"widget\" data-widget_type=\"image.default\">\n\t\t\t\t\t\t\t\t\t\t\t\t\t\t\t<img decoding=\"async\" width=\"950\" height=\"950\" src=\"https:\/\/gifted-blackwell.82-165-173-19.plesk.page\/wp-content\/uploads\/2026\/03\/Post-para-Instagram-Testimonio-de-Clientes-Minimalista-Blanco-1024x1024.jpg\" class=\"attachment-large size-large wp-image-208\" alt=\"\" srcset=\"https:\/\/gifted-blackwell.82-165-173-19.plesk.page\/wp-content\/uploads\/2026\/03\/Post-para-Instagram-Testimonio-de-Clientes-Minimalista-Blanco-1024x1024.jpg 1024w, https:\/\/gifted-blackwell.82-165-173-19.plesk.page\/wp-content\/uploads\/2026\/03\/Post-para-Instagram-Testimonio-de-Clientes-Minimalista-Blanco-300x300.jpg 300w, https:\/\/gifted-blackwell.82-165-173-19.plesk.page\/wp-content\/uploads\/2026\/03\/Post-para-Instagram-Testimonio-de-Clientes-Minimalista-Blanco-150x150.jpg 150w, https:\/\/gifted-blackwell.82-165-173-19.plesk.page\/wp-content\/uploads\/2026\/03\/Post-para-Instagram-Testimonio-de-Clientes-Minimalista-Blanco.jpg 1080w\" sizes=\"100vw\" \/>\t\t\t\t\t\t\t\t\t\t\t\t\t\t\t<\/div>\n\t\t\t\t<div class=\"elementor-element elementor-element-1377862 elementor-widget elementor-widget-image\" data-id=\"1377862\" data-element_type=\"widget\" data-e-type=\"widget\" data-widget_type=\"image.default\">\n\t\t\t\t\t\t\t\t\t\t\t\t\t\t\t<img loading=\"lazy\" decoding=\"async\" width=\"364\" height=\"410\" src=\"https:\/\/gifted-blackwell.82-165-173-19.plesk.page\/wp-content\/uploads\/2026\/04\/2-ING-OBRA-1-1.jpg\" class=\"attachment-large size-large wp-image-340\" alt=\"\" srcset=\"https:\/\/gifted-blackwell.82-165-173-19.plesk.page\/wp-content\/uploads\/2026\/04\/2-ING-OBRA-1-1.jpg 364w, https:\/\/gifted-blackwell.82-165-173-19.plesk.page\/wp-content\/uploads\/2026\/04\/2-ING-OBRA-1-1-266x300.jpg 266w\" sizes=\"100vw\" \/>\t\t\t\t\t\t\t\t\t\t\t\t\t\t\t<\/div>\n\t\t\t\t\t<\/div>\n\t\t\t\t<\/div>\n\t\t<div class=\"elementor-element elementor-element-4fbb2b9 e-con-full e-flex e-con e-parent\" data-id=\"4fbb2b9\" data-element_type=\"container\" data-e-type=\"container\">\n\t\t\t\t<div class=\"elementor-element elementor-element-6059165 elementor-widget elementor-widget-heading\" data-id=\"6059165\" data-element_type=\"widget\" data-e-type=\"widget\" data-widget_type=\"heading.default\">\n\t\t\t\t\t<h2 class=\"elementor-heading-title elementor-size-default\">\u00bfNo sabes por d\u00f3nde empezar?<\/h2>\t\t\t\t<\/div>\n\t\t\t\t<\/div>\n\t\t<div class=\"elementor-element elementor-element-9afa40a e-flex e-con-boxed e-con e-parent\" data-id=\"9afa40a\" data-element_type=\"container\" data-e-type=\"container\">\n\t\t\t\t\t<div class=\"e-con-inner\">\n\t\t\t\t<div class=\"elementor-element elementor-element-a2ace9f elementor-widget elementor-widget-text-editor\" data-id=\"a2ace9f\" data-element_type=\"widget\" data-e-type=\"widget\" data-widget_type=\"text-editor.default\">\n\t\t\t\t\t\t\t\t\t<h4 class=\"elementor-heading-title elementor-size-default\">Obtenga soluciones para todas sus ideas<\/h4>\t\t\t\t\t\t\t\t<\/div>\n\t\t\t\t\t<\/div>\n\t\t\t\t<\/div>\n\t\t\t\t<\/div>\n\t\t","protected":false},"excerpt":{"rendered":"<p>Profesionales de la Construcci\u00f3n y las Reformas Realizamos todo tipo de construcciones y reformas integrales, incorporando en cada obra el acompa\u00f1amiento y la asesor\u00eda personalizada, brindando as\u00ed la seguridad y profesionalismo que desea.<\/p>\n","protected":false},"author":1,"featured_media":0,"parent":0,"menu_order":0,"comment_status":"closed","ping_status":"open","template":"","meta":{"inspiro_hide_title":false,"footnotes":""},"class_list":["post-2","page","type-page","status-publish","hentry"],"_links":{"self":[{"href":"https:\/\/gifted-blackwell.82-165-173-19.plesk.page\/index.php\/wp-json\/wp\/v2\/pages\/2","targetHints":{"allow":["GET"]}}],"collection":[{"href":"https:\/\/gifted-blackwell.82-165-173-19.plesk.page\/index.php\/wp-json\/wp\/v2\/pages"}],"about":[{"href":"https:\/\/gifted-blackwell.82-165-173-19.plesk.page\/index.php\/wp-json\/wp\/v2\/types\/page"}],"author":[{"embeddable":true,"href":"https:\/\/gifted-blackwell.82-165-173-19.plesk.page\/index.php\/wp-json\/wp\/v2\/users\/1"}],"replies":[{"embeddable":true,"href":"https:\/\/gifted-blackwell.82-165-173-19.plesk.page\/index.php\/wp-json\/wp\/v2\/comments?post=2"}],"version-history":[{"count":25,"href":"https:\/\/gifted-blackwell.82-165-173-19.plesk.page\/index.php\/wp-json\/wp\/v2\/pages\/2\/revisions"}],"predecessor-version":[{"id":346,"href":"https:\/\/gifted-blackwell.82-165-173-19.plesk.page\/index.php\/wp-json\/wp\/v2\/pages\/2\/revisions\/346"}],"wp:attachment":[{"href":"https:\/\/gifted-blackwell.82-165-173-19.plesk.page\/index.php\/wp-json\/wp\/v2\/media?parent=2"}],"curies":[{"name":"wp","href":"https:\/\/api.w.org\/{rel}","templated":true}]}}